{"id":41,"date":"2026-03-19T09:40:00","date_gmt":"2026-03-19T09:40:00","guid":{"rendered":"http:\/\/tallersplanas.com\/wordpress\/?page_id=41"},"modified":"2026-03-19T10:18:08","modified_gmt":"2026-03-19T10:18:08","slug":"els-nostres-serveis","status":"publish","type":"page","link":"https:\/\/tallersplanas.com\/wordpress\/index.php\/els-nostres-serveis\/","title":{"rendered":"Els nostres serveis"},"content":{"rendered":"\n<div style=\"height:var(--wp--preset--spacing--50)\" aria-hidden=\"true\" class=\"wp-block-spacer\"><\/div>\n\n\n\n<div class=\"wp-block-group alignwide has-global-padding is-layout-constrained wp-block-group-is-layout-constrained\">\n<h1 class=\"wp-block-heading alignwide has-xx-large-font-size\" style=\"line-height:1.2\">A <strong>Tallers Planas<\/strong> oferim&nbsp;<strong>solucions integrals<\/strong>&nbsp;per a la ind\u00fastria, el comer\u00e7 i el sector terciari. La nostra experi\u00e8ncia, combinada amb un equip t\u00e8cnic qualificat, ens permet abordar cada projecte amb criteri, rigor i capacitat d\u2019adaptaci\u00f3, des de la fabricaci\u00f3 i les instal\u00b7lacions fins al manteniment i l\u2019enginyeria.<\/h1>\n<\/div>\n\n\n\n<div class=\"wp-block-group alignfull has-global-padding is-layout-constrained wp-container-core-group-is-layout-b25ccd55 wp-block-group-is-layout-constrained\" style=\"margin-top:0;margin-bottom:0;padding-top:var(--wp--preset--spacing--50);padding-right:var(--wp--preset--spacing--50);padding-bottom:var(--wp--preset--spacing--50);padding-left:var(--wp--preset--spacing--50)\">\n<div class=\"wp-block-columns alignwide is-layout-flex wp-container-core-columns-is-layout-ff4b9c61 wp-block-columns-is-layout-flex\" style=\"margin-top:0;margin-bottom:0\">\n<div class=\"wp-block-column is-layout-flow wp-container-core-column-is-layout-8a368f38 wp-block-column-is-layout-flow\">\n<figure class=\"wp-block-image size-large is-style-rounded is-style-rounded--1\"><img fetchpriority=\"high\" decoding=\"async\" width=\"576\" height=\"1024\" src=\"https:\/\/tallersplanas.com\/wordpress\/wp-content\/uploads\/2026\/03\/85d261f0-b9ec-4935-8b0a-775677a5c814-576x1024.jpg\" alt=\"\" class=\"wp-image-75\" style=\"aspect-ratio:4\/3;object-fit:cover\" srcset=\"https:\/\/tallersplanas.com\/wordpress\/wp-content\/uploads\/2026\/03\/85d261f0-b9ec-4935-8b0a-775677a5c814-576x1024.jpg 576w, https:\/\/tallersplanas.com\/wordpress\/wp-content\/uploads\/2026\/03\/85d261f0-b9ec-4935-8b0a-775677a5c814-169x300.jpg 169w, https:\/\/tallersplanas.com\/wordpress\/wp-content\/uploads\/2026\/03\/85d261f0-b9ec-4935-8b0a-775677a5c814-768x1365.jpg 768w, https:\/\/tallersplanas.com\/wordpress\/wp-content\/uploads\/2026\/03\/85d261f0-b9ec-4935-8b0a-775677a5c814-864x1536.jpg 864w, https:\/\/tallersplanas.com\/wordpress\/wp-content\/uploads\/2026\/03\/85d261f0-b9ec-4935-8b0a-775677a5c814.jpg 900w\" sizes=\"(max-width: 576px) 100vw, 576px\" \/><\/figure>\n\n\n\n<div style=\"height:var(--wp--preset--spacing--50)\" aria-hidden=\"true\" class=\"wp-block-spacer\"><\/div>\n\n\n\n<figure class=\"wp-block-image size-large is-style-rounded is-style-rounded--2\"><img decoding=\"async\" width=\"1024\" height=\"472\" src=\"https:\/\/tallersplanas.com\/wordpress\/wp-content\/uploads\/2026\/03\/DMCD3437-1024x472.jpg\" alt=\"\" class=\"wp-image-81\" style=\"aspect-ratio:3\/4;object-fit:cover\" srcset=\"https:\/\/tallersplanas.com\/wordpress\/wp-content\/uploads\/2026\/03\/DMCD3437-1024x472.jpg 1024w, https:\/\/tallersplanas.com\/wordpress\/wp-content\/uploads\/2026\/03\/DMCD3437-300x138.jpg 300w, https:\/\/tallersplanas.com\/wordpress\/wp-content\/uploads\/2026\/03\/DMCD3437-768x354.jpg 768w, https:\/\/tallersplanas.com\/wordpress\/wp-content\/uploads\/2026\/03\/DMCD3437-1536x708.jpg 1536w, https:\/\/tallersplanas.com\/wordpress\/wp-content\/uploads\/2026\/03\/DMCD3437.jpg 1600w\" sizes=\"(max-width: 1024px) 100vw, 1024px\" \/><\/figure>\n\n\n\n<div style=\"height:var(--wp--preset--spacing--50)\" aria-hidden=\"true\" class=\"wp-block-spacer\"><\/div>\n\n\n\n<figure class=\"wp-block-image size-large is-style-rounded is-style-rounded--3\"><img decoding=\"async\" width=\"819\" height=\"1024\" src=\"https:\/\/tallersplanas.com\/wordpress\/wp-content\/uploads\/2026\/03\/YHHL8905-819x1024.jpg\" alt=\"\" class=\"wp-image-84\" style=\"aspect-ratio:3\/4;object-fit:cover\" srcset=\"https:\/\/tallersplanas.com\/wordpress\/wp-content\/uploads\/2026\/03\/YHHL8905-819x1024.jpg 819w, https:\/\/tallersplanas.com\/wordpress\/wp-content\/uploads\/2026\/03\/YHHL8905-240x300.jpg 240w, https:\/\/tallersplanas.com\/wordpress\/wp-content\/uploads\/2026\/03\/YHHL8905-768x960.jpg 768w, https:\/\/tallersplanas.com\/wordpress\/wp-content\/uploads\/2026\/03\/YHHL8905-1229x1536.jpg 1229w, https:\/\/tallersplanas.com\/wordpress\/wp-content\/uploads\/2026\/03\/YHHL8905.jpg 1440w\" sizes=\"(max-width: 819px) 100vw, 819px\" \/><\/figure>\n<\/div>\n\n\n\n<div class=\"wp-block-column is-layout-flow wp-container-core-column-is-layout-8a368f38 wp-block-column-is-layout-flow\">\n<div style=\"height:var(--wp--preset--spacing--50)\" aria-hidden=\"true\" class=\"wp-block-spacer\"><\/div>\n\n\n\n<figure class=\"wp-block-image size-large is-style-rounded is-style-rounded--4\"><img loading=\"lazy\" decoding=\"async\" width=\"1024\" height=\"768\" src=\"https:\/\/tallersplanas.com\/wordpress\/wp-content\/uploads\/2026\/03\/2012-04-04-17.43.37-1024x768.jpg\" alt=\"\" class=\"wp-image-76\" style=\"aspect-ratio:3\/4;object-fit:cover\" srcset=\"https:\/\/tallersplanas.com\/wordpress\/wp-content\/uploads\/2026\/03\/2012-04-04-17.43.37-1024x768.jpg 1024w, https:\/\/tallersplanas.com\/wordpress\/wp-content\/uploads\/2026\/03\/2012-04-04-17.43.37-300x225.jpg 300w, https:\/\/tallersplanas.com\/wordpress\/wp-content\/uploads\/2026\/03\/2012-04-04-17.43.37-768x576.jpg 768w, https:\/\/tallersplanas.com\/wordpress\/wp-content\/uploads\/2026\/03\/2012-04-04-17.43.37-1536x1152.jpg 1536w, https:\/\/tallersplanas.com\/wordpress\/wp-content\/uploads\/2026\/03\/2012-04-04-17.43.37-2048x1536.jpg 2048w\" sizes=\"(max-width: 1024px) 100vw, 1024px\" \/><figcaption class=\"wp-element-caption\">User comments<\/figcaption><\/figure>\n\n\n\n<div style=\"height:var(--wp--preset--spacing--50)\" aria-hidden=\"true\" class=\"wp-block-spacer\"><\/div>\n\n\n\n<figure class=\"wp-block-image size-large is-style-rounded is-style-rounded--5\"><img loading=\"lazy\" decoding=\"async\" width=\"768\" height=\"1024\" src=\"https:\/\/tallersplanas.com\/wordpress\/wp-content\/uploads\/2026\/03\/IMG_0683-768x1024.jpeg\" alt=\"\" class=\"wp-image-83\" style=\"aspect-ratio:1;object-fit:cover\" srcset=\"https:\/\/tallersplanas.com\/wordpress\/wp-content\/uploads\/2026\/03\/IMG_0683-768x1024.jpeg 768w, https:\/\/tallersplanas.com\/wordpress\/wp-content\/uploads\/2026\/03\/IMG_0683-225x300.jpeg 225w, https:\/\/tallersplanas.com\/wordpress\/wp-content\/uploads\/2026\/03\/IMG_0683-1152x1536.jpeg 1152w, https:\/\/tallersplanas.com\/wordpress\/wp-content\/uploads\/2026\/03\/IMG_0683.jpeg 1536w\" sizes=\"(max-width: 768px) 100vw, 768px\" \/><\/figure>\n\n\n\n<div style=\"height:var(--wp--preset--spacing--50)\" aria-hidden=\"true\" class=\"wp-block-spacer\"><\/div>\n\n\n\n<figure class=\"wp-block-image size-large is-style-rounded is-style-rounded--6\"><img loading=\"lazy\" decoding=\"async\" width=\"769\" height=\"1024\" src=\"https:\/\/tallersplanas.com\/wordpress\/wp-content\/uploads\/2026\/03\/KHKV2605-769x1024.jpg\" alt=\"\" class=\"wp-image-85\" style=\"aspect-ratio:1;object-fit:cover\" srcset=\"https:\/\/tallersplanas.com\/wordpress\/wp-content\/uploads\/2026\/03\/KHKV2605-769x1024.jpg 769w, https:\/\/tallersplanas.com\/wordpress\/wp-content\/uploads\/2026\/03\/KHKV2605-225x300.jpg 225w, https:\/\/tallersplanas.com\/wordpress\/wp-content\/uploads\/2026\/03\/KHKV2605-768x1023.jpg 768w, https:\/\/tallersplanas.com\/wordpress\/wp-content\/uploads\/2026\/03\/KHKV2605-1153x1536.jpg 1153w, https:\/\/tallersplanas.com\/wordpress\/wp-content\/uploads\/2026\/03\/KHKV2605.jpg 1201w\" sizes=\"(max-width: 769px) 100vw, 769px\" \/><\/figure>\n<\/div>\n\n\n\n<div class=\"wp-block-column is-layout-flow wp-container-core-column-is-layout-8a368f38 wp-block-column-is-layout-flow\">\n<figure class=\"wp-block-image size-large is-style-rounded is-style-rounded--7\"><img loading=\"lazy\" decoding=\"async\" width=\"576\" height=\"1024\" src=\"https:\/\/tallersplanas.com\/wordpress\/wp-content\/uploads\/2026\/03\/5135b119-7ee4-4c8e-b0e2-dc863707c740-576x1024.jpg\" alt=\"\" class=\"wp-image-77\" style=\"aspect-ratio:3\/4;object-fit:cover\" srcset=\"https:\/\/tallersplanas.com\/wordpress\/wp-content\/uploads\/2026\/03\/5135b119-7ee4-4c8e-b0e2-dc863707c740-576x1024.jpg 576w, https:\/\/tallersplanas.com\/wordpress\/wp-content\/uploads\/2026\/03\/5135b119-7ee4-4c8e-b0e2-dc863707c740-169x300.jpg 169w, https:\/\/tallersplanas.com\/wordpress\/wp-content\/uploads\/2026\/03\/5135b119-7ee4-4c8e-b0e2-dc863707c740-768x1365.jpg 768w, https:\/\/tallersplanas.com\/wordpress\/wp-content\/uploads\/2026\/03\/5135b119-7ee4-4c8e-b0e2-dc863707c740-864x1536.jpg 864w, https:\/\/tallersplanas.com\/wordpress\/wp-content\/uploads\/2026\/03\/5135b119-7ee4-4c8e-b0e2-dc863707c740.jpg 900w\" sizes=\"(max-width: 576px) 100vw, 576px\" \/><\/figure>\n\n\n\n<div style=\"height:var(--wp--preset--spacing--50)\" aria-hidden=\"true\" class=\"wp-block-spacer\"><\/div>\n\n\n\n<figure class=\"wp-block-image size-large is-style-rounded is-style-rounded--8\"><img loading=\"lazy\" decoding=\"async\" width=\"1024\" height=\"768\" src=\"https:\/\/tallersplanas.com\/wordpress\/wp-content\/uploads\/2026\/03\/DFPW6282-1024x768.jpg\" alt=\"\" class=\"wp-image-80\" style=\"aspect-ratio:3\/4;object-fit:cover\" srcset=\"https:\/\/tallersplanas.com\/wordpress\/wp-content\/uploads\/2026\/03\/DFPW6282-1024x768.jpg 1024w, https:\/\/tallersplanas.com\/wordpress\/wp-content\/uploads\/2026\/03\/DFPW6282-300x225.jpg 300w, https:\/\/tallersplanas.com\/wordpress\/wp-content\/uploads\/2026\/03\/DFPW6282-768x576.jpg 768w, https:\/\/tallersplanas.com\/wordpress\/wp-content\/uploads\/2026\/03\/DFPW6282-1536x1152.jpg 1536w, https:\/\/tallersplanas.com\/wordpress\/wp-content\/uploads\/2026\/03\/DFPW6282.jpg 2000w\" sizes=\"(max-width: 1024px) 100vw, 1024px\" \/><\/figure>\n\n\n\n<div style=\"height:var(--wp--preset--spacing--50)\" aria-hidden=\"true\" class=\"wp-block-spacer\"><\/div>\n\n\n\n<figure class=\"wp-block-image size-large is-style-rounded is-style-rounded--9\"><img loading=\"lazy\" decoding=\"async\" width=\"768\" height=\"1024\" src=\"https:\/\/tallersplanas.com\/wordpress\/wp-content\/uploads\/2026\/03\/IMG_1662-768x1024.jpg\" alt=\"\" class=\"wp-image-86\" style=\"aspect-ratio:16\/9;object-fit:cover\" srcset=\"https:\/\/tallersplanas.com\/wordpress\/wp-content\/uploads\/2026\/03\/IMG_1662-768x1024.jpg 768w, https:\/\/tallersplanas.com\/wordpress\/wp-content\/uploads\/2026\/03\/IMG_1662-225x300.jpg 225w, https:\/\/tallersplanas.com\/wordpress\/wp-content\/uploads\/2026\/03\/IMG_1662-1152x1536.jpg 1152w, https:\/\/tallersplanas.com\/wordpress\/wp-content\/uploads\/2026\/03\/IMG_1662-1536x2048.jpg 1536w, https:\/\/tallersplanas.com\/wordpress\/wp-content\/uploads\/2026\/03\/IMG_1662-scaled.jpg 1920w\" sizes=\"(max-width: 768px) 100vw, 768px\" \/><\/figure>\n\n\n\n<figure class=\"wp-block-gallery has-nested-images columns-default is-cropped wp-block-gallery-10 is-layout-flex wp-block-gallery-is-layout-flex\"><\/figure>\n<\/div>\n\n\n\n<div class=\"wp-block-column is-layout-flow wp-container-core-column-is-layout-8a368f38 wp-block-column-is-layout-flow\">\n<div style=\"height:var(--wp--preset--spacing--50)\" aria-hidden=\"true\" class=\"wp-block-spacer\"><\/div>\n\n\n\n<figure class=\"wp-block-image size-large is-style-rounded is-style-rounded--11\"><img loading=\"lazy\" decoding=\"async\" width=\"768\" height=\"1024\" src=\"https:\/\/tallersplanas.com\/wordpress\/wp-content\/uploads\/2026\/03\/2013-03-21-16.34.58-768x1024.jpg\" alt=\"\" class=\"wp-image-78\" style=\"aspect-ratio:1;object-fit:cover\" srcset=\"https:\/\/tallersplanas.com\/wordpress\/wp-content\/uploads\/2026\/03\/2013-03-21-16.34.58-768x1024.jpg 768w, https:\/\/tallersplanas.com\/wordpress\/wp-content\/uploads\/2026\/03\/2013-03-21-16.34.58-225x300.jpg 225w, https:\/\/tallersplanas.com\/wordpress\/wp-content\/uploads\/2026\/03\/2013-03-21-16.34.58-1152x1536.jpg 1152w, https:\/\/tallersplanas.com\/wordpress\/wp-content\/uploads\/2026\/03\/2013-03-21-16.34.58-1536x2048.jpg 1536w, https:\/\/tallersplanas.com\/wordpress\/wp-content\/uploads\/2026\/03\/2013-03-21-16.34.58-rotated.jpg 1920w\" sizes=\"(max-width: 768px) 100vw, 768px\" \/><\/figure>\n\n\n\n<div style=\"height:var(--wp--preset--spacing--50)\" aria-hidden=\"true\" class=\"wp-block-spacer\"><\/div>\n\n\n\n<figure class=\"wp-block-image size-large is-style-rounded is-style-rounded--12\"><img loading=\"lazy\" decoding=\"async\" width=\"1024\" height=\"768\" src=\"https:\/\/tallersplanas.com\/wordpress\/wp-content\/uploads\/2026\/03\/2012-11-23-09.16.53-1024x768.jpg\" alt=\"\" class=\"wp-image-79\" style=\"aspect-ratio:16\/9;object-fit:cover\" srcset=\"https:\/\/tallersplanas.com\/wordpress\/wp-content\/uploads\/2026\/03\/2012-11-23-09.16.53-1024x768.jpg 1024w, https:\/\/tallersplanas.com\/wordpress\/wp-content\/uploads\/2026\/03\/2012-11-23-09.16.53-300x225.jpg 300w, https:\/\/tallersplanas.com\/wordpress\/wp-content\/uploads\/2026\/03\/2012-11-23-09.16.53-768x576.jpg 768w, https:\/\/tallersplanas.com\/wordpress\/wp-content\/uploads\/2026\/03\/2012-11-23-09.16.53-1536x1152.jpg 1536w, https:\/\/tallersplanas.com\/wordpress\/wp-content\/uploads\/2026\/03\/2012-11-23-09.16.53-2048x1536.jpg 2048w\" sizes=\"(max-width: 1024px) 100vw, 1024px\" \/><\/figure>\n\n\n\n<div style=\"height:var(--wp--preset--spacing--50)\" aria-hidden=\"true\" class=\"wp-block-spacer\"><\/div>\n\n\n\n<figure class=\"wp-block-image size-large is-style-rounded is-style-rounded--13\"><img loading=\"lazy\" decoding=\"async\" width=\"768\" height=\"1024\" src=\"https:\/\/tallersplanas.com\/wordpress\/wp-content\/uploads\/2026\/03\/IMG_0292-768x1024.jpeg\" alt=\"\" class=\"wp-image-82\" style=\"aspect-ratio:9\/16;object-fit:cover\" srcset=\"https:\/\/tallersplanas.com\/wordpress\/wp-content\/uploads\/2026\/03\/IMG_0292-768x1024.jpeg 768w, https:\/\/tallersplanas.com\/wordpress\/wp-content\/uploads\/2026\/03\/IMG_0292-225x300.jpeg 225w, https:\/\/tallersplanas.com\/wordpress\/wp-content\/uploads\/2026\/03\/IMG_0292-1152x1536.jpeg 1152w, https:\/\/tallersplanas.com\/wordpress\/wp-content\/uploads\/2026\/03\/IMG_0292-1536x2048.jpeg 1536w, https:\/\/tallersplanas.com\/wordpress\/wp-content\/uploads\/2026\/03\/IMG_0292-scaled.jpeg 1920w\" sizes=\"(max-width: 768px) 100vw, 768px\" \/><\/figure>\n<\/div>\n<\/div>\n\n\n\n<figure class=\"wp-block-gallery has-nested-images columns-default is-cropped wp-block-gallery-14 is-layout-flex wp-block-gallery-is-layout-flex\"><\/figure>\n<\/div>\n","protected":false},"excerpt":{"rendered":"<p>A Tallers Planas oferim&nbsp;solucions integrals&nbsp;per a la ind\u00fastria, el comer\u00e7 i el sector terciari. La nostra experi\u00e8ncia, combinada amb un equip t\u00e8cnic qualificat, ens permet abordar cada projecte amb criteri, rigor i capacitat d\u2019adaptaci\u00f3, des de la fabricaci\u00f3 i les instal\u00b7lacions fins al manteniment i l\u2019enginyeria.<\/p>\n","protected":false},"author":1,"featured_media":0,"parent":0,"menu_order":0,"comment_status":"closed","ping_status":"closed","template":"","meta":{"footnotes":""},"class_list":["post-41","page","type-page","status-publish","hentry"],"yoast_head":"<!-- This site is optimized with the Yoast SEO plugin v27.2 - https:\/\/yoast.com\/product\/yoast-seo-wordpress\/ -->\n<title>Els nostres serveis - Tallers Planas<\/title>\n<meta name=\"robots\" content=\"index, follow, max-snippet:-1, max-image-preview:large, max-video-preview:-1\" \/>\n<link rel=\"canonical\" href=\"https:\/\/tallersplanas.com\/wordpress\/index.php\/els-nostres-serveis\/\" \/>\n<meta property=\"og:locale\" content=\"en_US\" \/>\n<meta property=\"og:type\" content=\"article\" \/>\n<meta property=\"og:title\" content=\"Els nostres serveis - Tallers Planas\" \/>\n<meta property=\"og:description\" content=\"A Tallers Planas oferim&nbsp;solucions integrals&nbsp;per a la ind\u00fastria, el comer\u00e7 i el sector terciari. La nostra experi\u00e8ncia, combinada amb un equip t\u00e8cnic qualificat, ens permet abordar cada projecte amb criteri, rigor i capacitat d\u2019adaptaci\u00f3, des de la fabricaci\u00f3 i les instal\u00b7lacions fins al manteniment i l\u2019enginyeria.\" \/>\n<meta property=\"og:url\" content=\"https:\/\/tallersplanas.com\/wordpress\/index.php\/els-nostres-serveis\/\" \/>\n<meta property=\"og:site_name\" content=\"Tallers Planas\" \/>\n<meta property=\"article:modified_time\" content=\"2026-03-19T10:18:08+00:00\" \/>\n<meta property=\"og:image\" content=\"https:\/\/tallersplanas.com\/wordpress\/wp-content\/uploads\/2026\/03\/85d261f0-b9ec-4935-8b0a-775677a5c814-576x1024.jpg\" \/>\n<meta name=\"twitter:card\" content=\"summary_large_image\" \/>\n<meta name=\"twitter:label1\" content=\"Est. reading time\" \/>\n\t<meta name=\"twitter:data1\" content=\"3 minutes\" \/>\n<script type=\"application\/ld+json\" class=\"yoast-schema-graph\">{\"@context\":\"https:\/\/schema.org\",\"@graph\":[{\"@type\":\"WebPage\",\"@id\":\"https:\/\/tallersplanas.com\/wordpress\/index.php\/els-nostres-serveis\/\",\"url\":\"https:\/\/tallersplanas.com\/wordpress\/index.php\/els-nostres-serveis\/\",\"name\":\"Els nostres serveis - Tallers Planas\",\"isPartOf\":{\"@id\":\"https:\/\/tallersplanas.com\/wordpress\/#website\"},\"primaryImageOfPage\":{\"@id\":\"https:\/\/tallersplanas.com\/wordpress\/index.php\/els-nostres-serveis\/#primaryimage\"},\"image\":{\"@id\":\"https:\/\/tallersplanas.com\/wordpress\/index.php\/els-nostres-serveis\/#primaryimage\"},\"thumbnailUrl\":\"https:\/\/tallersplanas.com\/wordpress\/wp-content\/uploads\/2026\/03\/85d261f0-b9ec-4935-8b0a-775677a5c814-576x1024.jpg\",\"datePublished\":\"2026-03-19T09:40:00+00:00\",\"dateModified\":\"2026-03-19T10:18:08+00:00\",\"breadcrumb\":{\"@id\":\"https:\/\/tallersplanas.com\/wordpress\/index.php\/els-nostres-serveis\/#breadcrumb\"},\"inLanguage\":\"en-US\",\"potentialAction\":[{\"@type\":\"ReadAction\",\"target\":[\"https:\/\/tallersplanas.com\/wordpress\/index.php\/els-nostres-serveis\/\"]}]},{\"@type\":\"ImageObject\",\"inLanguage\":\"en-US\",\"@id\":\"https:\/\/tallersplanas.com\/wordpress\/index.php\/els-nostres-serveis\/#primaryimage\",\"url\":\"https:\/\/tallersplanas.com\/wordpress\/wp-content\/uploads\/2026\/03\/85d261f0-b9ec-4935-8b0a-775677a5c814.jpg\",\"contentUrl\":\"https:\/\/tallersplanas.com\/wordpress\/wp-content\/uploads\/2026\/03\/85d261f0-b9ec-4935-8b0a-775677a5c814.jpg\",\"width\":900,\"height\":1600},{\"@type\":\"BreadcrumbList\",\"@id\":\"https:\/\/tallersplanas.com\/wordpress\/index.php\/els-nostres-serveis\/#breadcrumb\",\"itemListElement\":[{\"@type\":\"ListItem\",\"position\":1,\"name\":\"Home\",\"item\":\"https:\/\/tallersplanas.com\/wordpress\/\"},{\"@type\":\"ListItem\",\"position\":2,\"name\":\"Els nostres serveis\"}]},{\"@type\":\"WebSite\",\"@id\":\"https:\/\/tallersplanas.com\/wordpress\/#website\",\"url\":\"https:\/\/tallersplanas.com\/wordpress\/\",\"name\":\"Tallers Planas\",\"description\":\"Taller familiar de serralleria, manteniment i instal\u00b7lacions\",\"publisher\":{\"@id\":\"https:\/\/tallersplanas.com\/wordpress\/#organization\"},\"potentialAction\":[{\"@type\":\"SearchAction\",\"target\":{\"@type\":\"EntryPoint\",\"urlTemplate\":\"https:\/\/tallersplanas.com\/wordpress\/?s={search_term_string}\"},\"query-input\":{\"@type\":\"PropertyValueSpecification\",\"valueRequired\":true,\"valueName\":\"search_term_string\"}}],\"inLanguage\":\"en-US\"},{\"@type\":\"Organization\",\"@id\":\"https:\/\/tallersplanas.com\/wordpress\/#organization\",\"name\":\"Tallers Planas\",\"url\":\"https:\/\/tallersplanas.com\/wordpress\/\",\"logo\":{\"@type\":\"ImageObject\",\"inLanguage\":\"en-US\",\"@id\":\"https:\/\/tallersplanas.com\/wordpress\/#\/schema\/logo\/image\/\",\"url\":\"https:\/\/tallersplanas.com\/wordpress\/wp-content\/uploads\/2025\/12\/Captura-de-pantalla-2025-12-13-a-las-20.02.25.png\",\"contentUrl\":\"https:\/\/tallersplanas.com\/wordpress\/wp-content\/uploads\/2025\/12\/Captura-de-pantalla-2025-12-13-a-las-20.02.25.png\",\"width\":2108,\"height\":1444,\"caption\":\"Tallers Planas\"},\"image\":{\"@id\":\"https:\/\/tallersplanas.com\/wordpress\/#\/schema\/logo\/image\/\"}}]}<\/script>\n<!-- \/ Yoast SEO plugin. -->","yoast_head_json":{"title":"Els nostres serveis - Tallers Planas","robots":{"index":"index","follow":"follow","max-snippet":"max-snippet:-1","max-image-preview":"max-image-preview:large","max-video-preview":"max-video-preview:-1"},"canonical":"https:\/\/tallersplanas.com\/wordpress\/index.php\/els-nostres-serveis\/","og_locale":"en_US","og_type":"article","og_title":"Els nostres serveis - Tallers Planas","og_description":"A Tallers Planas oferim&nbsp;solucions integrals&nbsp;per a la ind\u00fastria, el comer\u00e7 i el sector terciari. La nostra experi\u00e8ncia, combinada amb un equip t\u00e8cnic qualificat, ens permet abordar cada projecte amb criteri, rigor i capacitat d\u2019adaptaci\u00f3, des de la fabricaci\u00f3 i les instal\u00b7lacions fins al manteniment i l\u2019enginyeria.","og_url":"https:\/\/tallersplanas.com\/wordpress\/index.php\/els-nostres-serveis\/","og_site_name":"Tallers Planas","article_modified_time":"2026-03-19T10:18:08+00:00","og_image":[{"url":"https:\/\/tallersplanas.com\/wordpress\/wp-content\/uploads\/2026\/03\/85d261f0-b9ec-4935-8b0a-775677a5c814-576x1024.jpg","type":"","width":"","height":""}],"twitter_card":"summary_large_image","twitter_misc":{"Est. reading time":"3 minutes"},"schema":{"@context":"https:\/\/schema.org","@graph":[{"@type":"WebPage","@id":"https:\/\/tallersplanas.com\/wordpress\/index.php\/els-nostres-serveis\/","url":"https:\/\/tallersplanas.com\/wordpress\/index.php\/els-nostres-serveis\/","name":"Els nostres serveis - Tallers Planas","isPartOf":{"@id":"https:\/\/tallersplanas.com\/wordpress\/#website"},"primaryImageOfPage":{"@id":"https:\/\/tallersplanas.com\/wordpress\/index.php\/els-nostres-serveis\/#primaryimage"},"image":{"@id":"https:\/\/tallersplanas.com\/wordpress\/index.php\/els-nostres-serveis\/#primaryimage"},"thumbnailUrl":"https:\/\/tallersplanas.com\/wordpress\/wp-content\/uploads\/2026\/03\/85d261f0-b9ec-4935-8b0a-775677a5c814-576x1024.jpg","datePublished":"2026-03-19T09:40:00+00:00","dateModified":"2026-03-19T10:18:08+00:00","breadcrumb":{"@id":"https:\/\/tallersplanas.com\/wordpress\/index.php\/els-nostres-serveis\/#breadcrumb"},"inLanguage":"en-US","potentialAction":[{"@type":"ReadAction","target":["https:\/\/tallersplanas.com\/wordpress\/index.php\/els-nostres-serveis\/"]}]},{"@type":"ImageObject","inLanguage":"en-US","@id":"https:\/\/tallersplanas.com\/wordpress\/index.php\/els-nostres-serveis\/#primaryimage","url":"https:\/\/tallersplanas.com\/wordpress\/wp-content\/uploads\/2026\/03\/85d261f0-b9ec-4935-8b0a-775677a5c814.jpg","contentUrl":"https:\/\/tallersplanas.com\/wordpress\/wp-content\/uploads\/2026\/03\/85d261f0-b9ec-4935-8b0a-775677a5c814.jpg","width":900,"height":1600},{"@type":"BreadcrumbList","@id":"https:\/\/tallersplanas.com\/wordpress\/index.php\/els-nostres-serveis\/#breadcrumb","itemListElement":[{"@type":"ListItem","position":1,"name":"Home","item":"https:\/\/tallersplanas.com\/wordpress\/"},{"@type":"ListItem","position":2,"name":"Els nostres serveis"}]},{"@type":"WebSite","@id":"https:\/\/tallersplanas.com\/wordpress\/#website","url":"https:\/\/tallersplanas.com\/wordpress\/","name":"Tallers Planas","description":"Taller familiar de serralleria, manteniment i instal\u00b7lacions","publisher":{"@id":"https:\/\/tallersplanas.com\/wordpress\/#organization"},"potentialAction":[{"@type":"SearchAction","target":{"@type":"EntryPoint","urlTemplate":"https:\/\/tallersplanas.com\/wordpress\/?s={search_term_string}"},"query-input":{"@type":"PropertyValueSpecification","valueRequired":true,"valueName":"search_term_string"}}],"inLanguage":"en-US"},{"@type":"Organization","@id":"https:\/\/tallersplanas.com\/wordpress\/#organization","name":"Tallers Planas","url":"https:\/\/tallersplanas.com\/wordpress\/","logo":{"@type":"ImageObject","inLanguage":"en-US","@id":"https:\/\/tallersplanas.com\/wordpress\/#\/schema\/logo\/image\/","url":"https:\/\/tallersplanas.com\/wordpress\/wp-content\/uploads\/2025\/12\/Captura-de-pantalla-2025-12-13-a-las-20.02.25.png","contentUrl":"https:\/\/tallersplanas.com\/wordpress\/wp-content\/uploads\/2025\/12\/Captura-de-pantalla-2025-12-13-a-las-20.02.25.png","width":2108,"height":1444,"caption":"Tallers Planas"},"image":{"@id":"https:\/\/tallersplanas.com\/wordpress\/#\/schema\/logo\/image\/"}}]}},"_links":{"self":[{"href":"https:\/\/tallersplanas.com\/wordpress\/index.php\/wp-json\/wp\/v2\/pages\/41","targetHints":{"allow":["GET"]}}],"collection":[{"href":"https:\/\/tallersplanas.com\/wordpress\/index.php\/wp-json\/wp\/v2\/pages"}],"about":[{"href":"https:\/\/tallersplanas.com\/wordpress\/index.php\/wp-json\/wp\/v2\/types\/page"}],"author":[{"embeddable":true,"href":"https:\/\/tallersplanas.com\/wordpress\/index.php\/wp-json\/wp\/v2\/users\/1"}],"replies":[{"embeddable":true,"href":"https:\/\/tallersplanas.com\/wordpress\/index.php\/wp-json\/wp\/v2\/comments?post=41"}],"version-history":[{"count":3,"href":"https:\/\/tallersplanas.com\/wordpress\/index.php\/wp-json\/wp\/v2\/pages\/41\/revisions"}],"predecessor-version":[{"id":88,"href":"https:\/\/tallersplanas.com\/wordpress\/index.php\/wp-json\/wp\/v2\/pages\/41\/revisions\/88"}],"wp:attachment":[{"href":"https:\/\/tallersplanas.com\/wordpress\/index.php\/wp-json\/wp\/v2\/media?parent=41"}],"curies":[{"name":"wp","href":"https:\/\/api.w.org\/{rel}","templated":true}]}}